be c(-2). Suppose -2*k + 2*s + 22 = 0, -4*k = -5*k - s + d. What is the highest common divisor of 225 and k?
9
Suppose 87*n - 11*n = 19*n + 20064. What is the highest common factor of 286 and n?
22
Let k(v) = 39*v**2 + v - 34. Let b be k(4). Let q be 66*(-1)/(0 + -6). What is the highest common divisor of b and q?
11
Let j(l) = 47*l**3 + 6*l**2 - 9*l - 4. Let r be j(3). Let g = r + -806. What is the highest common factor of g and 54?
54
Let k be (25/((-225)/(-846)))/(4/16). Calculate the greatest common divisor of 16 and k.
8
Suppose 204 = -12*x + 15*x - 57. Calculate the greatest common factor of x and 1421.
29
Suppose -3*p - 82 + 778 = 0. Suppose 0 = 14*r + 841 - 4089. Suppose -r = -9*m + m. Calculate the greatest common divisor of p and m.
29
Let v(o) = -123*o - 1765. Let f be v(-15). What is the greatest common factor of f and 620?
20
Let d(g) be the second derivative of 8*g**5/5 + 7*g**3/6 - 3*g**2 + 23*g. Let r be d(1). What is the greatest common divisor of r and 11?
11
Let x = -23 - -32. Let o be (-3)/8 - (-2898)/48. Let a be o/25 - (-3)/5. Calculate the highest common factor of x and a.
3
Suppose 141*t + 198*t - 7670 = 44*t. Suppose 4*c = -c + 585. Calculate the greatest common divisor of t and c.
13
Let k be (-20)/8*-19*12/5. Let w be -4 + k + 2 - (9 - 4). Calculate the greatest common divisor of 963 and w.
107
Let o = -699 + 702. Suppose 0*j + o*j = -4*d + 84, 3*d = -4*j + 56. Calculate the greatest common divisor of d and 648.
24
Let u be (-28)/378 - 17986/(-54). Calculate the highest common divisor of 37 and u.
37
Suppose 0 = -6*j + j - 5*w + 1480, -1464 = -5*j + 3*w. What is the greatest common factor of 4018 and j?
98
Suppose 2924 - 3004 + 23131 = 7*j. Calculate the highest common factor of 74 and j.
37
Let n = 9711 + -9704. Suppose 5*k - k = 24. Let q(y) = 20*y - 1. Let r be q(k). What is the highest common divisor of r and n?
7
Let y be (530/2)/((-750)/(-300)). What is the highest common factor of 13568 and y?
106
Suppose 75 = 5*v + 5. Suppose 11794 = 12*m + 10702. What is the greatest common factor of m and v?
7
Let k = -237 + 239. Suppose k*j = 170 - 100. What is the greatest common divisor of 175 and j?
35
Let f(d) = 2*d**2 + 421*d + 5110. Let w be f(-198). Calculate the highest common factor of 5800 and w.
40
Let h be (133/(-28))/(-8 - (-190710)/23840). What is the highest common factor of 114 and h?
38
Let f(k) = 9*k**2 - 43*k - 13. Let t = -285 - -296. Let v be f(t). What is the highest common factor of v and 9?
9
Let j(b) = 26*b**3 - 23*b**2 + 20*b - 37. Let r be j(5). Calculate the highest common factor of 148 and r.
74
Suppose 45*u - 35*u - 3465 = -25*u. Calculate the greatest common factor of u and 14652.
99
Let d be (-16 - 2)/(-3)*(-20)/40. Let x be ((-1904)/d - (-12)/(-18)) + -5. Calculate the greatest common factor of 17 and x.
17
Let b(l) = -4*l**3 - 10*l**2 - 10*l + 12. Let c be b(-5). Suppose c*z = 314*z - 90. Calculate the greatest common divisor of z and 150.
15
Suppose -2*q - 30 = -5*s, 19 = -5*q - 6. Let y be (s + (-220)/15)*3. Let w be 6*(y/14)/(14/(-49)). Calculate the highest common divisor of w and 16.
16
Let h(a) = -15*a**2 + 17*a + 32. Let c(j) = 8*j**2 - 9*j - 17. Let q(y) = -11*c(y) - 6*h(y). Let k be q(15). Calculate the highest common factor of 40 and k.
40
Let f = -7 - -18. Let o = 52689 - 52480. Calculate the highest common factor of o and f.
11
Let o = 60 + -39. Suppose 21072 + 20928 = 10*k. Suppose -13*z - 7*z = -k. What is the greatest common divisor of z and o?
21
Let i be 366/7 + (-4)/14. Let f = -114850 + 114876. What is the highest common divisor of f and i?
26
Let y(g) = 4*g + 106. Let f be y(-9). Calculate the highest common divisor of f and 1918.
14
Suppose -4*c + 23 = -3*j - 1, 30 = 2*c + 3*j. Let u(l) = l**2 - l - 24. Let b be u(c). Calculate the greatest common factor of b and 64.
16
Suppose -40*r = -47*r + 1386. Let n = r - 143. Suppose 3*k + 34 = 5*j, -4*j = -6*j + k + 13. Calculate the highest common factor of j and n.
5
Let d(r) = -4*r**3 + 5*r**2 + 2*r + 74. Let u be d(-6). Calculate the highest common divisor of u and 237.
79
Let x be (-16)/(-3)*(121/(-44) + -7 + 12). Let h(z) = 6*z + 2. Let v be h(2). Let k be (v/(-3))/(2/(-36)). Calculate the greatest common factor of x and k.
12
Let z be (35/14)/(35/28). Let n be z/8 - (-1055)/4. Suppose 4*q - 2*j = 104, 0*q - 2*q = 5*j - 28. What is the highest common divisor of n and q?
24
Suppose 3*v + 126 = 10*v. Let c = 20 - v. Suppose -c*i + 3*i = -3*d + 121, d = 2*i + 31. What is the highest common divisor of 273 and d?
39
Suppose 2 = -m, 0 = -l - m - 0*m + 18. Let g = l - 12. Suppose 0 = -2*d + 2*y + 18, 46 = 4*d + 5*y - g. What is the greatest common factor of d and 11?
11
Suppose -84504 - 65468 = -60*s - 36932. Calculate the highest common divisor of 60 and s.
12
Suppose 0 = -42*m + 27*m + 2700. What is the highest common divisor of m and 80?
20
Suppose -2*i - 4*y = -12, y + 0 = 2. Let v be 6 - 9 - (-6 - i). Let g be ((-111)/(-74))/(5/50). What is the highest common divisor of v and g?
5
Let f be 7/((-175)/10) + 3/((-90)/(-55212)). Calculate the greatest common divisor of 32 and f.
16
Let i be -4 + ((4 - 3) + 30 - 4). Suppose -i = -2*v + 65. What is the greatest common divisor of 4 and v?
4
Suppose 9 + 13 = 2*d. Let l = -9582 - -9626. What is the highest common divisor of d and l?
11
Suppose -26313 + 98892 + 5946 = 5*u. Calculate the highest common factor of u and 45.
45
Let n(d) = 110*d - 38. Let x be 6/(-14) + (-3 - 124/(-28)). Let k be n(x). What is the highest common divisor of k and 72?
72
Let o be (7 + -2)*(-4)/(-10). Suppose -o*i - 49 = -3*g - 0*i, 3*i = g - 21. Calculate the highest common factor of g and 255.
15
Suppose 813 = -36*y + 1245. Calculate the greatest common factor of y and 9420.
12
Let i be (-8)/(-6)*59/(1239/323505). Calculate the highest common factor of 40 and i.
20
Let i = -2881 - -2929. Calculate the greatest common factor of 1264 and i.
16
Suppose -2*i + 88 = -38. Let l = -35 + i. Let q(y) = -5*y - 1. Let c be q(-3). Calculate the highest common divisor of l and c.
14
Suppose 13*x = -13*x + 38194. Suppose 0 = 10*k + x - 6789. What is the highest common factor of 56 and k?
28
Let z(u) = u**2 + 53*u - 1164. Let s be z(61). What is the greatest common factor of 60 and s?
30
Let y be (-29)/4 + (-9)/(-180)*5. Let r be 0/(-1) - (-173 - 21/y). What is the greatest common divisor of r and 255?
85
Let v(a) = a**3 - 5*a**2 - 68*a + 16. Let s be v(11). Let f be 696/8 + s - 1. Calculate the highest common divisor of f and 16.
16
Let v(m) = -7*m**3 + 8*m - 36. Let b be v(-5). Calculate the highest common divisor of b and 376.
47
Let h be (-78)/((0 - 0) + -2) - 0. Suppose -h*z = -42*z + 126. Let g(v) = 2*v**2 + 6*v - 3. Let k be g(6). What is the highest common divisor of z and k?
21
Let t be (15/(-75))/(2/(-70)). Let r(h) = -t - 11*h + 25 - 4*h. Let v be r(-2). What is the highest common divisor of v and 32?
16
Suppose k + 16 = 5*k. Suppose -11859*n + 11829*n + 240 = 0. Let r be 0 + k/(n/2) + 19. What is the highest common divisor of 80 and r?
20
Let d(f) = 87*f - 187. Let o be d(5). Let c = 294 - o. Calculate the greatest common divisor of c and 46.
46
Let p(q) = 2*q + 9. Let n be p(-3). Suppose -3*y = -2 + 5, -2*y - 323 = -n*j. Let b = j - 85. Calculate the highest common divisor of 33 and b.
11
Let d(z) = 183*z - 1827. Let n be d(10). Let t(x) = -x**2 - 11*x - 12. Let s be t(-8). Calculate the highest common divisor of n and s.
3
Let i = -2102 + 2141. Let a = -44 + 47. Calculate the highest common divisor of i and a.
3
Let b be (-12)/8 - 2424/(-48). Let l be (3 + (-5)/4)/(9/36). Calculate the highest common factor of b and l.
7
Suppose 8*d - 977 = -1 - 176. What is the greatest common divisor of 1550 and d?
50
Let n(f) = f**2 + 3*f - 2. Let g be (-8)/10*((-29)/2 + 7). Let l be n(g). Calculate the highest common divisor of 572 and l.
52
Let v be -18*(-51 - 6285/(-135)). Let o = -8 + 13. What is the highest common divisor of v and o?
5
Let g(q) = 13*q**2 + 6*q - 12. Let n be g(-7). Let y = n - 331. Calculate the greatest common divisor of 36 and y.
36
Let s = -39 + 0. Let m(t) = t**2 + 33*t + 230. Let g be m(-11). Let o be ((-320)/g)/(s/(-18) - 2). Calculate the greatest common factor of o and 20.
20
Let o be (